e highest common factor of 144196 and 4?
4
What is the highest common factor of 4244 and 872?
4
Calculate the greatest common divisor of 6593 and 627.
19
What is the greatest common factor of 30 and 339110?
10
Calculate the highest common factor of 557926 and 664.
166
What is the highest common factor of 5180 and 999?
37
Calculate the highest common divisor of 23 and 8257.
23
What is the highest common divisor of 224 and 2303?
7
What is the greatest common divisor of 568 and 184?
8
What is the greatest common factor of 4500952 and 248?
248
What is the greatest common divisor of 7910 and 1190?
70
What is the greatest common divisor of 7204 and 209?
1
What is the greatest common factor of 56 and 120260?
28
Calculate the highest common factor of 504037 and 59.
59
What is the greatest common divisor of 14645 and 148975?
505
Calculate the greatest common divisor of 172515 and 105.
105
What is the greatest common divisor of 13566 and 180348?
798
What is the highest common divisor of 169290 and 4070?
110
Calculate the greatest common divisor of 6320 and 33970.
790
What is the highest common divisor of 24687 and 1404?
117
Calculate the greatest common factor of 39432 and 53.
53
What is the highest common divisor of 93 and 273327?
93
What is the highest common divisor of 4096 and 10368?
128
What is the highest common divisor of 6 and 2114466?
6
What is the greatest common factor of 14 and 8641262?
14
What is the greatest common factor of 1610 and 125350?
230
Calculate the greatest common divisor of 678336 and 192.
192
Calculate the greatest common factor of 62398 and 1.
1
What is the greatest common divisor of 389806 and 134?
134
What is the highest common divisor of 1634 and 5586?
38
Calculate the greatest common factor of 1860 and 80340.
60
Calculate the highest common factor of 8 and 822896.
8
What is the greatest common divisor of 70 and 547890?
70
What is the highest common divisor of 1725 and 33750?
75
What is the greatest common divisor of 16 and 63524?
4
What is the greatest common divisor of 79010 and 510?
10
Calculate the greatest common factor of 17146 and 26.
2
Calculate the highest common divisor of 54 and 15354.
18
What is the greatest common factor of 203 and 1181663?
203
Calculate the greatest common factor of 562 and 181807.
281
Calculate the highest common factor of 80366 and 286.
286
Calculate the greatest common factor of 1069992 and 1512.
504
Calculate the highest common divisor of 53 and 3097373.
53
Calculate the greatest common factor of 126 and 1865502.
18
What is the greatest common factor of 15 and 15540?
15
What is the highest common factor of 243639 and 704?
11
What is the greatest common divisor of 10 and 465670?
10
Calculate the highest common factor of 2190127 and 17.
17
Calculate the greatest common factor of 2 and 57643.
1
Calculate the greatest common factor of 1040 and 1755.
65
Calculate the highest common divisor of 182 and 1902914.
26
What is the greatest common factor of 9142 and 70524?
1306
Calculate the highest common factor of 1380 and 210.
30
Calculate the highest common factor of 93468 and 240.
12
What is the greatest common divisor of 1315080 and 520?
520
Calculate the highest common divisor of 200 and 904.
8
What is the greatest common divisor of 485030 and 5453?
287
What is the highest common factor of 36 and 56532?
12
What is the highest common divisor of 1211 and 21971?
173
What is the highest common divisor of 58551 and 1189?
29
What is the highest common factor of 5804950 and 50?
50
What is the highest common divisor of 107 and 94481?
107
Calculate the highest common factor of 83 and 1774457.
83
Calculate the greatest common factor of 108 and 1993.
1
What is the greatest common divisor of 275 and 7458?
11
Calculate the greatest common factor of 52380 and 405.
135
What is the greatest common divisor of 77 and 194029?
11
Calculate the highest common divisor of 46546 and 170.
34
What is the highest common factor of 517397 and 2252?
563
Calculate the greatest common divisor of 14550 and 1800.
150
What is the greatest common factor of 30847 and 763?
109
What is the highest common factor of 288 and 3488?
32
Calculate the highest common factor of 26216 and 10396.
452
What is the greatest common divisor of 18733 and 1113893?
1441
What is the highest common divisor of 22072 and 44888?
248
What is the greatest common factor of 116 and 2037656?
116
What is the highest common factor of 5974 and 6592?
206
What is the highest common factor of 7251 and 6?
3
What is the greatest common divisor of 664 and 576?
8
What is the greatest common factor of 31372 and 4?
4
Calculate the greatest common factor of 1510653 and 3.
3
Calculate the greatest common divisor of 245 and 32920.
5
What is the greatest common factor of 1075 and 21887?
43
Calculate the greatest common factor of 3120 and 2652.
156
What is the greatest common factor of 151254 and 54?
54
Calculate the greatest common divisor of 4740 and 3950.
790
What is the highest common factor of 254064 and 36?
12
Calculate the highest common divisor of 251370 and 105.
105
Calculate the highest common divisor of 1200 and 88.
8
Calculate the greatest common divisor of 34230 and 27873.
489
What is the highest common divisor of 1496 and 29733?
187
What is the highest common factor of 3773206 and 4376?
1094
What is the greatest common factor of 13068 and 528?
132
Calculate the highest common factor of 8175 and 15369.
327
What is the greatest common factor of 2889 and 40257?
27
Calculate the greatest common factor of 28 and 1981.
7
What is the highest common factor of 176 and 88286?
22
Calculate the greatest common divisor of 4752 and 29106.
594
Calculate the highest common divisor of 22 and 119086.
22
What is the greatest common factor of 17 and 626569?
17
Calculate the greatest common factor of 1053073 and 7.
7
Calculate the greatest common factor of 67875 and 50.
25
Calculate the highest common divisor of 108624 and 558.
186
Calculate the highest common divisor of 193 and 305519.
193
What is the greatest common divisor of 107472 and 64?
16
Calculate the greatest common divisor of 407757 and 42.
21
Calculate the greatest common divisor of 96 and 398688.
96
Calculate the greatest common factor of 60 and 6704160.
60
Calculate the greatest common divisor of 858 and 3190.
22
Calculate the highest common factor of 130 and 92170.
130
What is the greatest common factor of 16644 and 703?
19
Calculate the greatest common factor of 35976 and 48.
24
Calculate the highest common factor of 9619363 and 13.
13
What is the greatest common factor of 69 and 42711?
69
What is the highest common factor of 1615 and 12835?
85
Calculate the greatest common factor of 22760 and 56.
8
What is the greatest common divisor of 3355 and 122?
61
What is the greatest common factor of 48 and 6486?
6
What is the highest common factor of 35 and 16877?
7
Calculate the highest common divisor of 3094 and 14977.
17
What is the greatest common divisor of 156 and 1776?
12
Calculate the highest common factor of 133 and 82859.
133
What is the greatest common divisor of 657 and 4419?
9
Calculate the highest common divisor of 257312 and 10880.
544
Calculate the highest common factor of 3153150 and 1470.
1470
Calculate the highest common divisor of 867 and 1632.
51
Calculate the greatest common divisor of 420 and 183708.
84
What is the highest common factor of 27 and 325494?
9
Calculate the highest common factor of 42612 and 7638.
402
Calculate the highest common divisor of 54 and 43356.
6
Calculate the highest common factor of 887616 and 40.
8
Calculate the highest common factor of 12610 and 910.
130
What is the greatest common factor of 600 and 408000?
600
What is the greatest common factor of 32659 and 22?
11
Calculate the greatest common factor of 516 and 64.
4
Calculate the highest common divisor of 475 and 28310.
95
What is the greatest common factor of 424 and 34984?
8
What is the greatest common factor of 134505 and 126?
63
Calculate the greatest common divisor of 9 and 1319715.
9
What is the highest common divisor of 1060 and 540?
20
Calculate the greatest common factor of 396 and 121374.
198
What is the highest common divisor of 75667 and 34?
17
Calculate the greatest common factor of 70358 and 3324.
554
Calcu